t is the highest common factor of 4641 and 182?
91
Calculate the greatest common factor of 63 and 27.
9
Calculate the greatest common divisor of 23 and 529.
23
Calculate the highest common factor of 58 and 2.
2
What is the greatest common factor of 21 and 63?
21
What is the greatest common factor of 15 and 780?
15
What is the highest common factor of 8239 and 121?
11
What is the greatest common factor of 150 and 355?
5
Calculate the highest common factor of 175 and 10325.
175
What is the greatest common divisor of 7182 and 114?
114
Calculate the greatest common divisor of 24 and 6.
6
Calculate the highest common factor of 41 and 1148.
41
Calculate the greatest common divisor of 529 and 46.
23
Calculate the highest common divisor of 132 and 6303.
33
What is the highest common factor of 369 and 45?
9
What is the greatest common factor of 44 and 10505?
11
Calculate the greatest common divisor of 32 and 2032.
16
What is the greatest common divisor of 38 and 270?
2
What is the highest common divisor of 5180 and 210?
70
What is the highest common factor of 90 and 210?
30
What is the greatest common divisor of 138 and 6?
6
Calculate the highest common factor of 189 and 81.
27
Calculate the greatest common divisor of 93 and 4557.
93
What is the highest common factor of 288 and 9?
9
What is the highest common divisor of 16 and 18?
2
What is the greatest common factor of 13 and 169?
13
Calculate the highest common factor of 224 and 392.
56
What is the highest common factor of 48 and 2112?
48
What is the greatest common divisor of 2499 and 119?
119
What is the greatest common factor of 416 and 1144?
104
Calculate the highest common divisor of 18581 and 17.
17
Calculate the greatest common divisor of 76 and 7.
1
Calculate the greatest common divisor of 9 and 1089.
9
Calculate the highest common divisor of 17 and 1190.
17
What is the highest common divisor of 23 and 1817?
23
What is the greatest common factor of 35 and 1725?
5
What is the highest common divisor of 5995 and 165?
55
Calculate the highest common divisor of 187 and 77.
11
What is the greatest common factor of 45 and 395?
5
Calculate the highest common factor of 23814 and 196.
98
Calculate the highest common divisor of 144 and 1356.
12
Calculate the highest common divisor of 20 and 265.
5
What is the greatest common divisor of 33 and 55?
11
What is the greatest common factor of 21 and 819?
21
Calculate the highest common factor of 940 and 160.
20
Calculate the greatest common factor of 166 and 581.
83
What is the greatest common factor of 3 and 2568?
3
What is the greatest common divisor of 36 and 180?
36
What is the highest common factor of 24 and 3?
3
What is the highest common divisor of 7 and 2807?
7
What is the highest common factor of 2058 and 42?
42
What is the greatest common divisor of 65 and 5?
5
Calculate the highest common factor of 315 and 441.
63
What is the greatest common divisor of 52 and 28?
4
What is the greatest common factor of 40 and 15?
5
Calculate the highest common factor of 80 and 450.
10
What is the highest common factor of 28 and 252?
28
Calculate the greatest common factor of 703 and 532.
19
What is the greatest common factor of 945 and 735?
105
What is the greatest common divisor of 2 and 2086?
2
Calculate the highest common divisor of 5 and 2645.
5
Calculate the highest common factor of 95 and 18373.
19
What is the greatest common factor of 714 and 42?
42
Calculate the greatest common divisor of 110 and 715.
55
What is the greatest common factor of 13 and 4?
1
What is the highest common factor of 40 and 1480?
40
Calculate the highest common divisor of 2223 and 117.
117
Calculate the greatest common factor of 58 and 26.
2
Calculate the highest common factor of 1215 and 162.
81
What is the highest common divisor of 10944 and 384?
192
Calculate the greatest common factor of 40 and 33300.
20
What is the greatest common factor of 126 and 434?
14
Calculate the greatest common factor of 36 and 189.
9
What is the highest common factor of 216 and 104?
8
What is the greatest common divisor of 45 and 915?
15
What is the greatest common divisor of 144 and 1072?
16
Calculate the highest common divisor of 32 and 1712.
16
What is the greatest common factor of 2772 and 539?
77
Calculate the highest common factor of 290 and 10.
10
Calculate the greatest common factor of 40 and 170.
10
Calculate the highest common divisor of 1952 and 61.
61
Calculate the greatest common factor of 1207 and 51.
17
What is the highest common divisor of 15626 and 39?
13
Calculate the highest common factor of 78 and 24.
6
Calculate the greatest common factor of 144 and 450.
18
What is the greatest common divisor of 5 and 635?
5
Calculate the highest common factor of 385 and 55.
55
Calculate the highest common factor of 294 and 210.
42
Calculate the greatest common divisor of 1765 and 5.
5
What is the greatest common factor of 3654 and 12?
6
What is the greatest common factor of 1030 and 10?
10
Calculate the greatest common divisor of 37 and 19277.
37
Calculate the greatest common factor of 291 and 776.
97
Calculate the greatest common divisor of 75 and 2775.
75
What is the highest common factor of 1840 and 640?
80
Calculate the highest common factor of 2461 and 107.
107
What is the highest common divisor of 1160 and 10?
10
Calculate the greatest common factor of 5 and 15.
5
Calculate the greatest common factor of 36 and 21159.
9
What is the highest common factor of 132 and 8?
4
What is the highest common divisor of 15 and 5255?
5
What is the highest common factor of 3 and 8781?
3
What is the highest common factor of 252 and 36?
36
Calculate the greatest common divisor of 1664 and 768.
128
Calculate the greatest common factor of 1264 and 4819.
79
What is the highest common factor of 21 and 729?
3
What is the greatest common factor of 198 and 5368?
22
Calculate the highest common divisor of 12 and 3.
3
Calculate the highest common factor of 26 and 182.
26
What is the highest common factor of 22 and 4?
2
Calculate the greatest common factor of 212 and 80.
4
Calculate the highest common factor of 129 and 48.
3
What is the greatest common divisor of 1696 and 212?
212
What is the highest common divisor of 8 and 718?
2
What is the greatest common divisor of 20 and 620?
20
What is the highest common factor of 11 and 4?
1
Calculate the highest common factor of 3 and 1611.
3
Calculate the highest common factor of 918 and 54.
54
What is the greatest common divisor of 4 and 73?
1
Calculate the highest common divisor of 20003 and 166.
83
What is the greatest common factor of 114 and 570?
114
Calculate the greatest common divisor of 44 and 1078.
22
Calculate the highest common factor of 5 and 26440.
5
What is the highest common factor of 27 and 39?
3
What is the highest common factor of 87 and 6989?
29
What is the highest common divisor of 86 and 129?
43
What is the highest common divisor of 280 and 12040?
280
Calculate the highest common factor of 1495 and 46.
23
Calculate the highest common factor of 589 and 62.
31
What is the greatest common factor of 697 and 238?
17
Calculate the highest common divisor of 2824 and 24.
8
Calculate the highest common factor of 374 and 506.
22
What is the greatest common divisor of 15056 and 16?
16
What is the highest common factor of 19 and 2736?
19
Calculate the greatest common divisor of 505 and 303.
101
Calculate the greatest common divisor of 13 and 39.
13
What is the greatest common divisor of 8 and 4?
4
Calculate the highest common factor of 1 and 191.
1
Calculate the highest common factor of 24 and 831.
3
Calculate the greatest common divisor of 230 and 310.
10
What is the greatest common divisor of 378 and 84?
42
What is the greatest common factor of 168 and 280?
56
What is the highest common factor of 5319 and 197?
197
Calculate the highest common divisor of 165 and 30.
15
Calculate the greatest common factor of 49 and 77.
7
What is the highest common divisor of 3170 and 20?
10
What is the highest common divisor of 1540 and 88?
44
What is the highest common divisor of 53280 and 36?
36
What is the greatest common divisor of 172 and 1161?
43
What is the highest common factor of 1694 and 308?
154
Calculate the greatest common divisor of 336 and 11256.
168
Calculate the g